{"id":46,"date":"2013-01-15T19:17:38","date_gmt":"2013-01-15T17:17:38","guid":{"rendered":"http:\/\/www.andreaedler.at\/?page_id=46"},"modified":"2023-02-26T20:49:42","modified_gmt":"2023-02-26T18:49:42","slug":"im","status":"publish","type":"page","link":"https:\/\/www.andreaedler.at\/?page_id=46","title":{"rendered":"Impressum"},"content":{"rendered":"<h6><strong>Andrea Zwazl-Edler<br \/>\n2525 G\u00fcnselsdorf, Wiesengasse 10<\/strong><br \/>\nTel: (+43) 676 \/ 5519722<br \/>\nE-Mail: <a href=\"mailto:a.edler@a1.net\">andrea.zwazl@a1.net<\/a><\/h6>\n<h6>Technische Umsetzung: Matthias Gr\u00f6ll<br \/>\n<a href=\"https:\/\/www.it-services-groell.at\/homepagedesign\/\" target=\"_blank\" rel=\"noopener\">www.it-services-groell.at<\/a><\/h6>\n<h6>powered by wordpress<\/h6>\n<h6><strong>Urheberrecht<\/strong><br \/>\nDie hier ver\u00f6ffentlichten Texte, Grafiken und Bilder unterliegen<br \/>\ndem Urheberrecht. Eine Vervielf\u00e4ltigung oder Verwendung in<br \/>\nanderen Medien ist nur nach vorheriger schriftlicher Genehmigung<br \/>\nder Urheberin gestattet.<\/h6>\n<p>&nbsp;<\/p>\n","protected":false},"excerpt":{"rendered":"<p>Andrea Zwazl-Edler 2525 G\u00fcnselsdorf, Wiesengasse 10 Tel: (+43) 676 \/ 5519722 E-Mail: andrea.zwazl@a1.net Technische Umsetzung: Matthias Gr\u00f6ll www.it-services-groell.at powered by wordpress Urheberrecht Die hier ver\u00f6ffentlichten Texte, Grafiken und Bilder unterliegen dem Urheberrecht. Eine Vervielf\u00e4ltigung oder Verwendung in anderen Medien ist nur nach vorheriger schriftlicher Genehmigung der Urheberin gestattet. &nbsp;<\/p>\n","protected":false},"author":2,"featured_media":0,"parent":42,"menu_order":10,"comment_status":"closed","ping_status":"closed","template":"","meta":{"ngg_post_thumbnail":0},"_links":{"self":[{"href":"https:\/\/www.andreaedler.at\/index.php?rest_route=\/wp\/v2\/pages\/46"}],"collection":[{"href":"https:\/\/www.andreaedler.at\/index.php?rest_route=\/wp\/v2\/pages"}],"about":[{"href":"https:\/\/www.andreaedler.at\/index.php?rest_route=\/wp\/v2\/types\/page"}],"author":[{"embeddable":true,"href":"https:\/\/www.andreaedler.at\/index.php?rest_route=\/wp\/v2\/users\/2"}],"replies":[{"embeddable":true,"href":"https:\/\/www.andreaedler.at\/index.php?rest_route=%2Fwp%2Fv2%2Fcomments&post=46"}],"version-history":[{"count":23,"href":"https:\/\/www.andreaedler.at\/index.php?rest_route=\/wp\/v2\/pages\/46\/revisions"}],"predecessor-version":[{"id":500,"href":"https:\/\/www.andreaedler.at\/index.php?rest_route=\/wp\/v2\/pages\/46\/revisions\/500"}],"up":[{"embeddable":true,"href":"https:\/\/www.andreaedler.at\/index.php?rest_route=\/wp\/v2\/pages\/42"}],"wp:attachment":[{"href":"https:\/\/www.andreaedler.at\/index.php?rest_route=%2Fwp%2Fv2%2Fmedia&parent=46"}],"curies":[{"name":"wp","href":"https:\/\/api.w.org\/{rel}","templated":true}]}}