{"id":496,"date":"2023-02-25T14:25:43","date_gmt":"2023-02-25T12:25:43","guid":{"rendered":"https:\/\/www.andreaedler.at\/?page_id=496"},"modified":"2023-02-26T20:50:04","modified_gmt":"2023-02-26T18:50:04","slug":"datenschutz","status":"publish","type":"page","link":"https:\/\/www.andreaedler.at\/?page_id=496","title":{"rendered":"Datenschutz"},"content":{"rendered":"\n<p>Ich verarbeite Ihre Daten ausschlie\u00dflich auf Grundlage der gesetzlichen Bestimmungen (DSGVO, TKG 2003).<\/p>\n\n\n\n<p>In diesen Datenschutzinformationen informiere ich Sie \u00fcber die wichtigsten Aspekte der Datenverarbeitung im Rahmen meiner Webseite.<\/p>\n\n\n\n<h3>Kontakt mit mir<\/h3>\n\n\n\n<p>Wenn Sie per E-Mail oder Telefon (Nachricht) Kontakt mit mir aufnehmen, werden Ihre angegebenen Daten zwecks Bearbeitung der Anfrage und f\u00fcr den Fall von Anschlussfragen bis auf Widerruf bei mir gespeichert. Diese Daten werden ohne Ihre Einwilligung nicht weiter gegeben. <\/p>\n\n\n\n<h3>Verantwortlich f\u00fcr die Datenverarbeitung<\/h3>\n\n\n\n<p>Andrea Zwazl-Edler (2525 G\u00fcnselsdorf, Wiesengasse 10, \u00d6sterreich)<\/p>\n\n\n\n<h3>Ihre Rechte<\/h3>\n\n\n\n<p>Ihnen stehen grunds\u00e4tzlich die Rechte auf Auskunft, Berichtigung, L\u00f6schung, Einschr\u00e4nkung, Daten\u00fcbertragbarkeit, Widerruf und Widerspruch zu.<\/p>\n\n\n\n<p>Richten Sie Anfragen betreffend Ihrer Daten bitte per E-Mail an:&nbsp;andrea.zwazl@a1.net<\/p>\n\n\n\n<p>Wenn Sie glauben, dass die Verarbeitung Ihrer Daten gegen das Datenschutzrecht verst\u00f6\u00dft oder Ihre datenschutzrechtlichen Anspr\u00fcche sonst in einer Weise verletzt worden sind, k\u00f6nnen Sie sich bei der Aufsichtsbeh\u00f6rde beschweren. In \u00d6sterreich ist dies die Datenschutzbeh\u00f6rde (dsb@dsb.gv.at).<\/p>\n","protected":false},"excerpt":{"rendered":"<p>Ich verarbeite Ihre Daten ausschlie\u00dflich auf Grundlage der gesetzlichen Bestimmungen (DSGVO, TKG 2003). In diesen Datenschutzinformationen informiere ich Sie \u00fcber die wichtigsten Aspekte der Datenverarbeitung im Rahmen meiner Webseite. Kontakt mit mir Wenn Sie per E-Mail oder Telefon (Nachricht) Kontakt mit mir aufnehmen, werden Ihre angegebenen Daten zwecks Bearbeitung der Anfrage und f\u00fcr den Fall [&hellip;]<\/p>\n","protected":false},"author":3,"featured_media":0,"parent":42,"menu_order":0,"comment_status":"closed","ping_status":"closed","template":"","meta":{"ngg_post_thumbnail":0},"_links":{"self":[{"href":"https:\/\/www.andreaedler.at\/index.php?rest_route=\/wp\/v2\/pages\/496"}],"collection":[{"href":"https:\/\/www.andreaedler.at\/index.php?rest_route=\/wp\/v2\/pages"}],"about":[{"href":"https:\/\/www.andreaedler.at\/index.php?rest_route=\/wp\/v2\/types\/page"}],"author":[{"embeddable":true,"href":"https:\/\/www.andreaedler.at\/index.php?rest_route=\/wp\/v2\/users\/3"}],"replies":[{"embeddable":true,"href":"https:\/\/www.andreaedler.at\/index.php?rest_route=%2Fwp%2Fv2%2Fcomments&post=496"}],"version-history":[{"count":2,"href":"https:\/\/www.andreaedler.at\/index.php?rest_route=\/wp\/v2\/pages\/496\/revisions"}],"predecessor-version":[{"id":501,"href":"https:\/\/www.andreaedler.at\/index.php?rest_route=\/wp\/v2\/pages\/496\/revisions\/501"}],"up":[{"embeddable":true,"href":"https:\/\/www.andreaedler.at\/index.php?rest_route=\/wp\/v2\/pages\/42"}],"wp:attachment":[{"href":"https:\/\/www.andreaedler.at\/index.php?rest_route=%2Fwp%2Fv2%2Fmedia&parent=496"}],"curies":[{"name":"wp","href":"https:\/\/api.w.org\/{rel}","templated":true}]}}